se 12
3
-4 (base 14) to base 16
-4
What is 9 (base 13) in base 15?
9
What is 3e (base 16) in base 15?
42
39 (base 11) to base 3
1120
0 (base 12) to base 9
0
Convert 13 (base 7) to base 14.
a
Convert 21 (base 3) to base 11.
7
Convert 61 (base 7) to base 5.
133
What is 78 (base 13) in base 14?
71
-3a (base 11) to base 14
-31
Convert 4 (base 10) to base 13.
4
-25 (base 6) to base 12
-15
Convert 4e (base 15) to base 6.
202
3 (base 14) to base 8
3
Convert 41 (base 12) to base 16.
31
Convert -3 (base 11) to base 3.
-10
Convert 0 (base 9) to base 11.
0
What is -273 (base 8) in base 13?
-115
Convert 111000 (base 2) to base 7.
110
1 (base 5) to base 4
1
What is 6 (base 16) in base 10?
6
Convert -29 (base 10) to base 16.
-1d
What is -5 (base 7) in base 11?
-5
32 (base 13) to base 14
2d
Convert -122 (base 15) to base 13.
-16a
-b (base 13) to base 6
-15
-14b (base 16) to base 7
-652
What is 5 (base 13) in base 12?
5
Convert 151 (base 6) to base 14.
4b
What is 6 (base 9) in base 4?
12
What is 20 (base 12) in base 16?
18
1 (base 8) to base 5
1
Convert -17 (base 8) to base 6.
-23
3 (base 5) to base 14
3
What is -e (base 15) in base 11?
-13
What is -21 (base 16) in base 11?
-30
Convert 1001 (base 2) to base 14.
9
What is -17 (base 15) in base 6?
-34
Convert -9 (base 11) to base 8.
-11
Convert -17 (base 8) to base 12.
-13
541 (base 7) to base 9
334
Convert 223 (base 4) to base 10.
43
What is -31 (base 4) in base 2?
-1101
-111 (base 5) to base 7
-43
-1 (base 11) to base 13
-1
cb (base 14) to base 13
10a
162 (base 9) to base 11
115
What is 3 (base 11) in base 4?
3
Convert -19 (base 10) to base 9.
-21
What is 3 (base 10) in base 13?
3
-30 (base 5) to base 15
-10
a (base 11) to base 8
12
What is 431 (base 5) in base 8?
164
What is -b (base 15) in base 12?
-b
2 (base 5) to base 16
2
-245 (base 8) to base 2
-10100101
2c (base 14) to base 16
28
What is -11 (base 6) in base 16?
-7
What is -1332 (base 4) in base 5?
-1001
Convert 1 (base 5) to base 7.
1
-1 (base 7) to base 11
-1
Convert -11 (base 2) to base 3.
-10
1 (base 13) to base 2
1
What is 138 (base 13) in base 3?
22000
Convert -405 (base 7) to base 15.
-d6
-5 (base 7) to base 15
-5
26 (base 11) to base 10
28
What is 58 (base 10) in base 3?
2011
1 (base 6) to base 9
1
Convert 8 (base 16) to base 15.
8
32 (base 8) to base 10
26
What is -1013 (base 5) in base 3?
-11221
2011 (base 3) to base 7
112
-5 (base 13) to base 9
-5
3 (base 14) to base 3
10
Convert -7 (base 16) to base 15.
-7
What is 5 (base 10) in base 2?
101
-17 (base 10) to base 5
-32
What is -13 (base 9) in base 11?
-11
What is -9 (base 12) in base 13?
-9
133 (base 5) to base 12
37
Convert -4 (base 5) to base 6.
-4
What is 162 (base 14) in base 4?
10122
Convert 30 (base 10) to base 15.
20
2a (base 14) to base 10
38
Convert -1011001 (base 2) to base 5.
-324
What is 3 (base 14) in base 8?
3
Convert -149 (base 12) to base 5.
-1301
What is -110 (base 2) in base 7?
-6
21 (base 8) to base 14
13
What is 211 (base 3) in base 6?
34
Convert -61 (base 10) to base 13.
-49
Convert 1042 (base 5) to base 3.
12110
-44 (base 7) to base 15
-22
Convert -3 (base 14) to base 5.
-3
21 (base 5) to base 4
23
-3 (base 4) to base 11
-3
Convert 55 (base 15) to base 5.
310
4c (base 16) to base 12
64
What is 3 (base 10) in base 12?
3
Convert 6 (base 10) to base 4.
12
Convert 5 (base 11) to base 5.
10
-11122 (base 3) to base 11
-104
29 (base 14) to base 4
211
10 (base 4) to base 11
4
Convert 6 (base 16) to base 6.
10
5 (base 7) to base 12
5
Convert 101 (base 2) to base 8.
5
-2 (base 15) to base 11
-2
3b (base 13) to base 5
200
Convert 10 (base 5) to base 12.
5
What is 223 (base 5) in base 4?
333
What is 32 (base 15) in base 7?
65
2 (base 8) to base 2
10
What is -3 (base 13) in base 16?
-3
What is -53 (base 13) in base 6?
-152
Convert -33 (base 16) to base 5.
-201
Convert 19 (base 11) to base 14.
16
Convert -1 (base 8) to base 13.
-1
Convert 1 (base 10) to base 3.
1
Convert -84 (base 9) to base 3.
-2211
Convert -100110 (base 2) to base 13.
-2c
-105 (base 6) to base 5
-131
What is 11 (base 15) in base 7?
22
Convert -a (base 14) to base 15.
-a
-2 (base 3) to base 7
-2
Convert 3 (base 10) to base 14.
3
What is 82 (base 9) in base 8?
112
What is 32 (base 4) in base 6?
22
6 (base 14) to base 8
6
What is 110 (base 4) in base 3?
202
What is -1 (base 5) in base 11?
-1
What is -9 (base 14) in base 6?
-13
What is -12 (base 8) in base 15?
-a
Convert 1 (base 15) to base 13.
1
What is 2010 (base 5) in base 6?
1103
-b (base 15) to base 12
-b
What is -3 (base 11) in base 9?
-3
-2 (base 10) to base 7
-2
What is 10 (base 5) in base 7?
5
What is -22200 (base 3) in base 6?
-1030
Convert 3 (base 14) to base 12.
3
-100 (base 2) to base 3
-11
What is 1b (base 15) in base 8?
32
Convert -2 (base 15) to base 13.
-2
42 (base 13) to base 5
204
Convert -14 (base 5) to base 12.
-9
Convert -9 (base 13) to base 7.
-12
2203 (base 4) to base 16
a3
What is -101 (base 2) in base 15?
-5
What is 53 (base 13) in base 15?
48
-18 (base 16) to base 10
-24
Convert -242 (base 12) to base 5.
-2323
What is 10 (base 3) in base 11?
3
Convert -6 (base 12) to base 4.
-12
What is a (base 13) in base 6?
14
Convert 1 (base 2) to base 6.
1
Convert 1011 (base 2) to base 16.
b
What is -10211 (base 3) in base 11?
-94
What is 5 (base 14) in base 4?
11
-22 (base 3) to base 16
-8
-152 (base 15) to base 11
-255
Convert 111 (base 2) to base 13.
7
-3 (base 6) to base 12
-3
Convert -10111 (base 2) to base 14.
-19
What is 73 (base 16) in base 9?
137
What is 103 (base 13) in base 5?
1142
0 (base 15) to base 6
0
What is -20 (base 6) in base 5?
-22
Convert -144 (base 11) to base 5.
-1134
5 (base 11) to base 5
10
Convert -16 (base 12) to base 10.
-18
Convert -2c (base 16) to base 8.
-54
Convert -4 (base 9) to base 10.
-4
-3 (base 11) to base 5
-3
-31 (base 6) to base 2
-10011
What is 10011 (base 2) in base 14?
15
Convert -62 (base 9) to base 15.
-3b
What is -8 (base 10) in base 7?
-11
Convert 0 (base 10) to base 4.
0
Convert -11011 (base 2) to base 3.
-1000
What is -44 (base 13) in base 12?
-48
What is c (base 15) in base 9?
13
Convert 4 (base 9) to base 2.
100
Convert 100 (base 2) to base 15.
4
-a (base 11) to base 8
-12
What is -1011 (base 2) in base 12?
-b
21 (base 12) to base 11
23
What is 0 (base 8) in base 3?
0
Convert 104 (base 8) to base 6.
152
What is 1 (base 10) in base 15?
1
2 (base 12) to base 13
2
What is 120 (base 13) in base 2?
11000011
What is -20 (base 14) in base 4?
-130
What is 0 (base 9) in base 10?
0
Convert -31 (base 8) to base 14.
-1b
Convert -b (base 13) to base 4.
-23
-4 (base 8) to base 12
-4
What is 221 (base 6) in base 4?
1111
What is -1 (base 3) in base 10?
-1
What is 10011 (base 2) in base 7?
25
Convert -17 (base 15) to base 9.
-24
What is 81 (base 15) in base 12?
a1
Convert b (base 14) to base 15.
b
Convert -2 (base 8) to base 6.
-2
28 (base 9) to base 13
20
Convert -8 (base 10) to base 7.
-11
What is a8 (base 15) in base 13?
c2
Convert -100101 (base 2) to base 7.
-52
-3 (base 13) to base 8
-3
Convert -a (base 11) to base 7.
-13
What is -67 (base 11) in base 16?
-49
Convert -11202 (base 3) to base 6.
-332
-102 (base 4) to base 2
-10010
What is -22 (base 4) in base 12?
-a
What is -44 (base 11) in base 6?
-120
3 (base 9) to base 6
3
What is -1 (base 12) in base 13?
-1
Convert 34 (base 8) to base 3.
1001
Convert 9 (base 11) to base 2.
1001
Convert 15 (base 9) to base 16.
e
-e (base 15) to base 10
-14
Convert -30 (base 6) to base 2.
-10010
Convert -134 (base 9) to base 7.
-220
c (base 16) to base 9
13
5 (base 14) to base 13
5
What is 216 (base 7) in base 12?
93
Convert -f (base 16) to base 8.
-17
40 (base 12) to base 7
66
What is -4 (base 11) in base 6?
-4
-3 (base 7) to base 5
-3
What is 3002 (base 4) in base 6?
522
-8 (base 15) to base 2
-1000
What is -11 (base 2) in base 10?
-3
-143 (base 5) to base 12
-40
Convert 34 (base 9) to base 10.
31
43 (base 6) to base 5
102
-12 (base 9) to base 15
-b
0 (base 3) to base 6
0
1110 (base 3) to base 9
43
What is -1 (base 4) in base 10?
-1
What is -24 (base 14) in base 10?
-32
-2 (base 7) to base 9
-2
-5 (base 8) to base 10
-5
Convert -1 (base 12) to base 4.
-1
Convert 255 (base 8) to base 9.
212
Convert 1 (base 6) to base 3.
1
What is 23 (base 10) in base 16?
17
10 (base 5) to base